8275 a multiple of 25?
True
Is 18 a factor of 360993?
False
Is 369436 a multiple of 76?
True
Is 10 a factor of 7699802?
False
Is 195 a factor of 626925?
True
Is 165791 a multiple of 317?
True
Does 5 divide 48950?
True
Is 7472894 a multiple of 221?
True
Does 3 divide 128576?
False
Does 64 divide 998976?
True
Does 105 divide 205695?
True
Is 4559091 a multiple of 993?
False
Is 130 a factor of 5463770?
True
Does 826 divide 19904069?
False
Is 168814 a multiple of 383?
False
Is 46469 a multiple of 31?
True
Does 625 divide 7958750?
True
Does 67 divide 166026?
True
Does 25 divide 12667950?
True
Is 3269075 a multiple of 12?
False
Is 4419 a multiple of 491?
True
Does 809 divide 1174668?
True
Is 2060 a multiple of 5?
True
Is 11558015 a multiple of 7?
True
Does 57 divide 16015974?
True
Does 87 divide 1808602?
False
Is 318313 a multiple of 24?
False
Does 23 divide 370783?
True
Is 133 a factor of 3885196?
True
Is 1544277 a multiple of 43?
False
Is 94 a factor of 1918540?
True
Does 14 divide 17002980?
False
Is 50 a factor of 3750?
True
Is 518236 a multiple of 172?
True
Does 20 divide 2578940?
True
Is 72 a factor of 592373?
False
Is 453647 a multiple of 33?
False
Is 1047 a factor of 330433?
False
Is 18 a factor of 911990?
False
Does 13 divide 2083770?
True
Does 12 divide 102084?
True
Does 427 divide 1947520?
False
Is 604 a factor of 2184569?
False
Is 16050263 a multiple of 56?
False
Is 261 a factor of 15768315?
True
Does 133 divide 5097358?
True
Is 446 a factor of 664476?
False
Is 64641 a multiple of 167?
False
Is 360 a factor of 807120?
True
Does 27 divide 158434?
False
Is 15 a factor of 2733885?
True
Does 31 divide 805597?
True
Is 280430 a multiple of 292?
False
Is 11197718 a multiple of 56?
False
Is 53367 a multiple of 7?
False
Does 6 divide 4481010?
True
Is 83013 a multiple of 6?
False
Is 34 a factor of 22964144?
True
Is 9675250 a multiple of 1625?
True
Is 69866 a multiple of 34?
False
Is 924120 a multiple of 180?
True
Is 32098 a multiple of 34?
False
Is 70 a factor of 109779?
False
Is 206765 a multiple of 21?
False
Is 5922613 a multiple of 12?
False
Is 1531686 a multiple of 269?
True
Is 3423886 a multiple of 379?
True
Does 817 divide 2518811?
True
Is 3698001 a multiple of 24?
False
Is 155715 a multiple of 26?
False
Is 13 a factor of 578955?
True
Does 68 divide 455418?
False
Is 10601798 a multiple of 54?
False
Is 208075 a multiple of 25?
True
Is 28 a factor of 311220?
True
Is 52909 a multiple of 69?
False
Is 179799 a multiple of 24?
False
Is 415 a factor of 128235?
True
Is 6554801 a multiple of 123?
False
Is 4161088 a multiple of 33?
False
Does 72 divide 60007?
False
Does 72 divide 325944?
True
Is 34 a factor of 3447?
False
Is 174698 a multiple of 113?
True
Is 9 a factor of 2772?
True
Does 170 divide 737521?
False
Does 46 divide 813381?
False
Is 51 a factor of 204000?
True
Is 400 a factor of 205364?
False
Does 10 divide 68710?
True
Does 989 divide 1489434?
True
Is 671483 a multiple of 17?
True
Is 692 a factor of 731356?
False
Does 311 divide 254398?
True
Is 691163 a multiple of 209?
True
Does 18 divide 753703?
False
Is 108 a factor of 338796?
True
Is 628 a factor of 1603182?
False
Does 54 divide 106684?
False
Is 450846 a multiple of 33?
True
Does 286 divide 150671?
False
Is 46 a factor of 5750?
True
Is 23 a factor of 3960094?
True
Is 109856 a multiple of 32?
True
Is 49069 a multiple of 52?
False
Does 51 divide 2921331?
True
Is 14 a factor of 15436526?
True
Is 13 a factor of 138164?
True
Is 1663317 a multiple of 40?
False
Does 5 divide 7702?
False
Does 40 divide 148020?
False
Is 31 a factor of 113189?
False
Does 25 divide 91341?
False
Is 19 a factor of 70339?
False
Is 894 a factor of 3285450?
True
Is 2827 a multiple of 4?
False
Does 111 divide 6516810?
True
Is 40 a factor of 3001943?
False
Does 27 divide 9874644?
False
Is 117 a factor of 2014998?
False
Is 19 a factor of 1708349?
False
Does 117 divide 4506255?
True
Does 107 divide 921936?
False
Is 137988 a multiple of 6?
True
Does 12 divide 24751?
False
Does 22 divide 7811078?
True
Does 335 divide 3745635?
True
Does 42 divide 1990716?
True
Is 61 a factor of 116271?
False
Does 24 divide 118488?
True
Is 48 a factor of 1944819?
False
Is 4 a factor of 426656?
True
Is 204 a factor of 5280744?
True
Is 11 a factor of 20768?
True
Does 30 divide 16175724?
False
Is 4 a factor of 212443?
False
Is 144678 a multiple of 87?
False
Is 624 a factor of 1511620?
False
Is 1536 a factor of 8191488?
True
Is 20780 a multiple of 9?
False
Does 2 divide 242710?
True
Is 86 a factor of 2597888?
True
Is 9705749 a multiple of 403?
False
Does 114 divide 348612?
True
Is 54020 a multiple of 186?
False
Is 17402 a multiple of 7?
True
Is 41 a factor of 367?
False
Is 7 a factor of 104167?
True
Is 811512 a multiple of 442?
True
Does 7 divide 677733?
True
Is 51887 a multiple of 3?
False
Does 272 divide 6880240?
True
Does 71 divide 1165511?
False
Is 905050 a multiple of 575?
True
Does 209 divide 3613059?
False
Does 4 divide 551749?
False
Is 564 even?
True
Does 908 divide 847164?
True
Is 488124 a multiple of 7?
True
Is 193312 a multiple of 36?
False
Is 3 a factor of 436362?
True
Is 20 a factor of 8898460?
True
Does 14 divide 2060436?
True
Does 5 divide 950840?
True
Does 14 divide 2225909?
False
Is 142 a factor of 636595?
False
Is 992105 a multiple of 1091?
False
Is 118240 a multiple of 16?
True
Is 372 a factor of 6675656?
False
Does 171 divide 1546243?
False
Is 10581142 a multiple of 143?
True
Is 3 a factor of 13817?
False
Is 161 a factor of 1407323?
False
Is 15 a factor of 588780?
True
Is 6018560 a multiple of 128?
True
Does 8 divide 4344909?
False
Is 100 a factor of 356929?
False
Is 126 a factor of 154017?
False
Is 161 a factor of 844123?
True
Does 10 divide 146628?
False
Is 131239 even?
False
Is 70238 a multiple of 4?
False
Is 183383 a multiple of 63?
False
Is 239 a factor of 307722?
False
Is 299652 a multiple of 488?
False
Does 10 divide 98710?
True
Does 106 divide 2678938?
True
Is 37741 a multiple of 145?
False
Does 17 divide 47369?
False
Does 144 divide 63334?
False
Does 160 divide 713102?
False
Is 8181610 a multiple of 292?
False
Does 93 divide 114129?
False
Is 560201 a multiple of 7?
False
Is 154 a factor of 8778?
True
Is 612 a factor of 24378408?
True
Is 518502 a multiple of 309?
True
Does 354 divide 336212?
False
Is 11 a factor of 4780765?
True
Is 50 a factor of 5630550?
True
Does 10 divide 408006?
False
Is 4618690 a multiple of 197?
False
Is 8933734 a multiple of 113?
False
Is 6317890 a multiple of 25?
False
Does 12 divide 10657?
False
Does 15 divide 1160383?
False
Is 4943991 a multiple of 1401?
False
Does 36 divide 5261252?
False
Does 47 divide 10575?
True
Is 9044 even?
True
Does 1076 divide 1532224?
True
Is 31 a factor of 847633?
True
Does 87 divide 413542?
False
Does 288 divide 414439?
False
Does 69 divide 834279?
True
Is 301602 a multiple of 258?
True
Is 1777921 a multiple of 43?
True
Does 17 divide 956239?
False
Is 7498 a multiple of 66?
False
Is 18 a factor of 16636755?
False
Does 8 divide 218451?
False
Is 278 a factor of 85784?
False
Does 3 divide 1913421?
True
Is 11734905 a multiple of 18?
False
Does 12 divide 67512?
True
Is 140 a factor of 815137?
False
Is 731 a factor of 102465?
False
Is 18 a factor of 154548?
True
Does 23 divide 3594?
False
Is 342 a factor of 621423?
False
Is 7 a factor of 2402833?
False
Does 34 divide 1459348?
True
Is 172714 a multiple of 3?
False
Is 229 a factor of 1008710?
False
Is 1737505 a multiple of 77?
True
Is 485427 a multiple of 71?
True
Does 12 divide 14567?
False
Does 20 divide 51584?
False
Is 183 a factor of 239913?
True
Does 74 divide 1502792?
True
Is 12512009 a multiple of 1158?
False
Is 22 a factor of 189662?
True
Is 160 a factor of 272697?
False
Is 369380 a multiple of 506?
True
Is 1107650 a multiple of 17?
False
Is 100 a factor of 15035000?
True
Is 19489892 a multiple of 13?
False
Is 7 a factor of 111538?
True
Is 3 a factor of 41445?
True
Does 47 divide 153451?
False
Does 100 divide 292710?
False
Is 408 a factor of 1128861?
False
Is 19 a factor of 6541?
False
Is 196309 a multiple of 15?
False
Does 13 divide 2320656?
True
Does 37 divide 130980?
True
Is 245337 a multiple of 99?
False
Is 122 a factor of 921433?
False
Does 250 divide 256500?
True
Is 188700 a multiple of 102?
True
Is 136285 